ose 3*q = 3*j - 37437, -7447 = -4*j + 2*q + 42471. What are the prime factors of j?
2, 3, 5, 13
Let g = -21597 - -37167. What are the prime factors of g?
2, 3, 5, 173
Let f be ((-40)/4)/(-2 + 0). Suppose -4*a - 12 - 28 = -4*i, 15 = f*i + 2*a. What are the prime factors of (-2 + 1)/(i + (-862)/172)?
2, 43
Let a = 31 - 32. Let h(l) = l**3 - l**2 + 1. Let f be h(a). What are the prime factors of 88/20*(-20)/f?
2, 11
Suppose -843543 = -53*g + 11*g - 177885. List the prime factors of g.
3, 587
Suppose 394*z = 419*z - 248025. What are the prime factors of z?
3, 3307
Suppose 4*c - 43 = y, 4*c - 2*y = -5*y + 63. Let h be (-243)/2*-4*2/c. Let j = h + -66. List the prime factors of j.
3, 5
Let s = -431 + 972. Let m = s + -265. List the prime factors of m.
2, 3, 23
Suppose -62*l + 18 = -59*l. Suppose -l*g = -4418 - 5248. List the prime factors of g.
3, 179
Suppose 0 = -4*s - t + 20697, -10380 = -2*s - 4199*t + 4203*t. What are the prime factors of s?
2, 647
Let o = 373 - 223. Let u = o + -245. Let s = u + 330. What are the prime factors of s?
5, 47
Suppose -7*u + 1273 + 638 = 0. Suppose -4*m = 3*s - u - 455, 0 = 2*m + 3*s - 364. List the prime factors of m.
2, 7, 13
Let y be (3 - 3)/(1 + (0 - -3)). Suppose 3*x - 5*x + 8 = y. Let v(k) = k**3 - 5*k**2 + 6*k - 1. List the prime factors of v(x).
7
Let d(v) = -11*v - 45. Let k be d(-5). Suppose 84 - 1154 = -k*m. List the prime factors of m.
107
Suppose 0 = 7*t - 3*t - 80. Let h = 147 + -166. Let q = t - h. What are the prime factors of q?
3, 13
Suppose 0 = -q + 1, 3*s + q - 88 = 117. Suppose v + s = -37. Let n = 151 + v. List the prime factors of n.
2, 23
Suppose -4*o = b - 14760, 5*o - 101*b + 106*b = 18465. What are the prime factors of o?
7, 17, 31
Suppose 0 = 9*k - 6*k - 9, 7*k + 257071 = 4*a. List the prime factors of a.
11, 5843
Let z be (-3)/6 - -6*(-7)/28. List the prime factors of z/7 + 17526/42.
3, 139
Suppose -4*v = 4*i - v, 4*i = 5*v + 32. Suppose -5*g + 50 = 5*x - 0*x, -40 = -4*x - i*g. Let b(y) = -y**2 + 18*y + 9. List the prime factors of b(x).
89
Let m(q) = 5*q**3 - 45*q**2 + 2*q - 14. Let n be m(10). Suppose -9*r + 11*r = n. List the prime factors of r.
11, 23
Let m(x) = 2*x**2 + 14*x - 1. Let h be m(-9). Suppose 107 = 2*o - h. Let p = o - 3. What are the prime factors of p?
2, 17
Suppose 2*b + 35 = 7*b. Let w(p) = 5*p**2 - 1. List the prime factors of w(b).
2, 61
Let g(f) = 63*f + 4819. What are the prime factors of g(-45)?
2, 31
Let d(l) = -l**3 + 9*l**2 + 4. Suppose 7*x = -0*x + 63. Let t be d(x). Suppose 0 = 5*f - 25, -t*s = -5*f - 4 + 1. What are the prime factors of s?
7
Suppose 4*s - 2*p - 10 = 0, s - 2*p - 6 = -s. Let u(b) = -3*b + 5*b + 1 + 138*b**s - b. List the prime factors of u(-1).
2, 3, 23
Let a be 2480/31*3/5. Let i(y) = -7*y + 8. Let s be i(-5). Suppose s - a = -h. List the prime factors of h.
5
Suppose -2077 = -65*g + 34*g. Let y = -40 - -202. Let w = g + y. What are the prime factors of w?
229
Let v(o) be the third derivative of o**6/120 + 11*o**5/30 - 13*o**4/12 + 28*o**3/3 - 2*o**2 - 4. List the prime factors of v(-22).
2, 157
Suppose -3*u + 41171 = -27*i + 32*i, -13720 = -u + 2*i. What are the prime factors of u?
2, 3, 2287
Let a(p) = 5*p + 9*p**3 - 10 + 10*p - 16 - 6*p**2 + 6*p. What are the prime factors of a(5)?
2, 17, 31
Suppose 2*c = -5*g + 480, -5*g + 465 = -c + 6*c. Let t = -182 + g. What are the prime factors of (-3 - -5 - t) + 4?
2, 3, 5
Suppose -5*i - 45 = -5*r, 9*r - i = 5*r + 24. Suppose 0 = -5*x + 25 - r, 528 = 5*v - 3*x. List the prime factors of v.
2, 3
Let j(n) = 3*n**2 + 22. Let q(y) = -y**2 + y - 1. Let p(c) = j(c) + 4*q(c). Suppose -s + 9 = -4*r - 3, 2*s = -5*r - 15. List the prime factors of p(s).
2, 3
Let r be (-6)/(-3) - (0 - 1550). Let y(x) = -x**2 - 54*x + 119. Let q be y(-56). Suppose r = q*b - 324. List the prime factors of b.
2, 67
Suppose 0 = -4*u - 8, 14 + 0 = 2*k + 3*u. Let x(w) = -w**2 + 15*w + 14. List the prime factors of x(k).
2
Let f = 215 - 208. Suppose 778 = f*q + 29. What are the prime factors of q?
107
Suppose -5*j = -2*j + m - 13, -4*j - 3*m = -14. Suppose -j*y - 1225 = -2*u, -5*y = 3*u - 2*y - 1806. List the prime factors of u.
5, 11
Suppose -5*f - 29 = -6*f - i, 105 = 5*f - 3*i. Let n(l) = -l**2 + 7*l - 9. Let u be n(6). Let o = u + f. List the prime factors of o.
3, 7
Let l(j) = -2*j**3 - 45*j**2 - 122*j - 2091. List the prime factors of l(-22).
109
What are the prime factors of 8*(-1)/(-6)*(-759)/92*-92?
2, 11, 23
Let w = -140 + 144. Let i(z) = 14*z**2 - 8*z - 4. List the prime factors of i(w).
2, 47
Suppose 5*m - 299*c - 39675 = -301*c, -m - c + 7938 = 0. List the prime factors of m.
7933
Suppose -y + 0 + 35 = -3*v, 65 = 4*y + 3*v. Let p be 57/2*(-16)/6. Let u = y - p. List the prime factors of u.
2, 3
Let d(x) = -2*x**2 - 48*x - 225. Let l be d(-17). Suppose 4*g + 14 = 2*f, 3*g + 19 = 4*g + 4*f. List the prime factors of (65/5)/((g/l)/(-1)).
13
Let f(u) = -u**3 - 21*u**2 - 6*u - 48. Let y be f(-20). List the prime factors of 13/((-260)/y)*30.
2, 3, 41
Let a = -397 + -63. Let g = -180 - a. What are the prime factors of g?
2, 5, 7
Let c(w) = 4*w**3 - 5*w**2 + 2*w - 3. Let s be c(5). Let r be s/3 + (-2)/(-3) - -1. Let k = r - 106. List the prime factors of k.
23
Let z(v) = 141*v - 3. Let c be z(3). Suppose 0*l - 3*l = -c. Let a = l + -81. What are the prime factors of a?
59
Let v be 3*(-24)/18*445/4. Let n = -118 - v. What are the prime factors of n?
3, 109
Suppose 3*w + 2386 + 4178 = 0. Let a = w + 3451. What are the prime factors of a?
3, 421
Let n(v) = -75*v + 4644. List the prime factors of n(46).
2, 3, 199
Let y = -2807 + 15248. List the prime factors of y.
3, 11, 13, 29
Suppose 55*d = 51*d - 3880. Let v = d + 2234. List the prime factors of 3*(-15)/(-18)*v/20.
2, 79
Suppose -4*g - 3*d + 85 = 20, 43 = 2*g + 5*d. Suppose f + 4912 = 3*p, -2*p + 2700 + 570 = -3*f. Suppose g*a - 5*a = p. List the prime factors of a.
2, 7, 13
Let h = -27 + 30. Suppose 0 = h*l + 262 - 733. Let a = l + -105. What are the prime factors of a?
2, 13
Suppose 154*i + 15*i - 3388593 = -78*i. List the prime factors of i.
3, 17, 269
Let c(b) = 11 - 1045*b + 537*b + 587*b + 24. List the prime factors of c(8).
23, 29
Let x be -4 + (-78)/(-18) + (-11)/(-3). Let l be (0 - 0) + -3 + x. List the prime factors of (-1)/1*(1 + l*-92).
7, 13
Suppose 9*y - 12*y = 135. Let u = y + 48. Suppose 0 = b - 3*l - 16 - u, -3*l = -4*b + 67. What are the prime factors of b?
2
Let u(k) = -149*k + 131. Suppose -3*l - w - 19 = 0, 3*l - 2*w = -18 + 2. What are the prime factors of u(l)?
5, 41
List the prime factors of (-6)/36*-27*2 + 13471.
2, 5, 337
Suppose 0 = 11*f - 7 - 37. Suppose 2*u - 1145 = -2*l - 3*u, -4*l + f*u = -2332. List the prime factors of l.
2, 5, 29
Let r(d) = -38*d + 47. Let s be r(-3). Let k = 145 + s. What are the prime factors of k?
2, 3, 17
Suppose -20 = 4*t, 3*g + 4*t - 47828 = 64265. List the prime factors of g.
3, 12457
Let v(y) be the second derivative of 13*y**4/4 + 3*y**3/2 + 2*y**2 + 61*y. What are the prime factors of v(-3)?
2, 41
Let b be ((-10)/(-6))/(3/84)*3. Suppose 0*n + 52 = 2*a - 3*n, 5*n = -3*a + 78. Let v = b + a. List the prime factors of v.
2, 83
Suppose 5*z = -4*t + 18303, -2*t = z + 2*z - 10981. What are the prime factors of z?
3659
Let w(q) = -5*q**2 - 29*q + 91. Let o(f) = 7*f**2 + 59*f - 183. Let l(x) = -3*o(x) - 5*w(x). What are the prime factors of l(19)?
2, 3, 5, 31
Let m = -49 - -52. Suppose 502 = 3*x - 2*y, -m*y + 352 = -0*x + 2*x. What are the prime factors of x?
2, 5, 17
Let p = 244 - 104. Suppose p = 3*o + 4*o. Suppose o*f = 21*f - 195. List the prime factors of f.
3, 5, 13
Let z(c) = c**3 - 28*c**2 - 2*c + 50. Let u be z(28). List the prime factors of 5/((-585)/(-14256)) - u/39.
2, 61
Suppose -13 = -4*t - 0*t + 3*o, 4*t = -5*o - 11. List the prime factors of 845 - (3 + 3 + -1)/t.
2, 3, 5, 7
Let j(o) = -o**3 - 10*o**2 - o + 13. Let c(n) = -n**3 + 23*n**2 - 41*n - 30. Let k be c(21). Let y be (-9)/(-12)*4*30/k. List the prime factors of j(y).
23
Let h be -2*2/(-32) + 407/8. Suppose 0 = n - 3*g + h, 225 = -3*n - 2*g + 72. Let y = n + 328. What are the prime factors of y?
277
Suppose -4*n - 4*n = -6*n. Suppose -w + 5 + n = 0. Suppose w*s - 3*s = 110. What are the prime factors of s?
5, 11
Suppose -5*l = -5*z - 0*z - 2300, 0 =